of 31060.
2, 5, 1553
What are the prime factors of 25127?
25127
What are the prime factors of 5578?
2, 2789
What are the prime factors of 2734?
2, 1367
What are the prime factors of 94508?
2, 23627
What are the prime factors of 706?
2, 353
What are the prime factors of 3471?
3, 13, 89
List the prime factors of 2957.
2957
What are the prime factors of 7546?
2, 7, 11
What are the prime factors of 225?
3, 5
List the prime factors of 18991.
7, 2713
List the prime factors of 926.
2, 463
What are the prime factors of 4464?
2, 3, 31
List the prime factors of 496.
2, 31
What are the prime factors of 1172?
2, 293
What are the prime factors of 16226?
2, 7, 19, 61
What are the prime factors of 1182?
2, 3, 197
What are the prime factors of 41895?
3, 5, 7, 19
List the prime factors of 15149.
15149
List the prime factors of 575.
5, 23
What are the prime factors of 46294?
2, 79, 293
List the prime factors of 85.
5, 17
List the prime factors of 4031.
29, 139
List the prime factors of 9435.
3, 5, 17, 37
What are the prime factors of 11273?
11273
List the prime factors of 52603.
41, 1283
What are the prime factors of 1045?
5, 11, 19
List the prime factors of 23933.
7, 13, 263
What are the prime factors of 496?
2, 31
What are the prime factors of 71?
71
List the prime factors of 580.
2, 5, 29
List the prime factors of 7672.
2, 7, 137
List the prime factors of 2167.
11, 197
What are the prime factors of 2302?
2, 1151
What are the prime factors of 98171?
127, 773
List the prime factors of 25108.
2, 6277
What are the prime factors of 343?
7
List the prime factors of 9288.
2, 3, 43
List the prime factors of 4289.
4289
What are the prime factors of 886?
2, 443
What are the prime factors of 83168?
2, 23, 113
What are the prime factors of 19550?
2, 5, 17, 23
List the prime factors of 2401.
7
List the prime factors of 9633.
3, 13, 19
What are the prime factors of 46934?
2, 31, 757
List the prime factors of 949.
13, 73
What are the prime factors of 6070?
2, 5, 607
List the prime factors of 3713.
47, 79
What are the prime factors of 9?
3
List the prime factors of 13178.
2, 11, 599
List the prime factors of 41793.
3, 13931
What are the prime factors of 22302?
2, 3, 7, 59
What are the prime factors of 7247?
7247
What are the prime factors of 7986?
2, 3, 11
What are the prime factors of 2143?
2143
List the prime factors of 3684.
2, 3, 307
List the prime factors of 26030.
2, 5, 19, 137
List the prime factors of 2558.
2, 1279
What are the prime factors of 537?
3, 179
What are the prime factors of 293?
293
What are the prime factors of 32684?
2, 8171
List the prime factors of 19438.
2, 9719
What are the prime factors of 1717?
17, 101
What are the prime factors of 1147?
31, 37
List the prime factors of 8238.
2, 3, 1373
What are the prime factors of 14059?
17, 827
What are the prime factors of 108593?
31, 113
List the prime factors of 792.
2, 3, 11
List the prime factors of 1468.
2, 367
What are the prime factors of 7846?
2, 3923
What are the prime factors of 28395?
3, 5, 631
List the prime factors of 2134.
2, 11, 97
What are the prime factors of 3342?
2, 3, 557
What are the prime factors of 3624?
2, 3, 151
List the prime factors of 2832.
2, 3, 59
What are the prime factors of 64002?
2, 3, 10667
What are the prime factors of 67203?
3, 19, 131
What are the prime factors of 2447?
2447
List the prime factors of 5208.
2, 3, 7, 31
What are the prime factors of 7638?
2, 3, 19, 67
What are the prime factors of 1354?
2, 677
List the prime factors of 2130.
2, 3, 5, 71
List the prime factors of 611.
13, 47
List the prime factors of 13587.
3, 7, 647
List the prime factors of 29112.
2, 3, 1213
What are the prime factors of 1224?
2, 3, 17
List the prime factors of 24042.
2, 3, 4007
What are the prime factors of 991?
991
What are the prime factors of 992?
2, 31
What are the prime factors of 5414?
2, 2707
List the prime factors of 6476.
2, 1619
List the prime factors of 1583.
1583
What are the prime factors of 45634?
2, 22817
List the prime factors of 2798.
2, 1399
What are the prime factors of 1320?
2, 3, 5, 11
List the prime factors of 7742.
2, 7, 79
What are the prime factors of 7400?
2, 5, 37
What are the prime factors of 6247?
6247
List the prime factors of 932.
2, 233
List the prime factors of 1195.
5, 239
List the prime factors of 772.
2, 193
What are the prime factors of 30945?
3, 5, 2063
List the prime factors of 1884.
2, 3, 157
What are the prime factors of 23255?
5, 4651
List the prime factors of 53196.
2, 3, 11, 13, 31
What are the prime factors of 4273?
4273
List the prime factors of 5907.
3, 11, 179
List the prime factors of 1819.
17, 107
What are the prime factors of 100461?
3, 33487
List the prime factors of 27133.
43, 631
What are the prime factors of 3219?
3, 29, 37
List the prime factors of 1383.
3, 461
What are the prime factors of 83349?
3, 7
What are the prime factors of 32512?
2, 127
What are the prime factors of 532?
2, 7, 19
What are the prime factors of 4016?
2, 251
List the prime factors of 1458.
2, 3
What are the prime factors of 10949?
10949
What are the prime factors of 2276?
2, 569
What are the prime factors of 40653?
3, 4517
What are the prime factors of 1838?
2, 919
List the prime factors of 6325.
5, 11, 23
List the prime factors of 309.
3, 103
List the prime factors of 8281.
7, 13
List the prime factors of 2018.
2, 1009
List the prime factors of 1958.
2, 11, 89
What are the prime factors of 2952?
2, 3, 41
List the prime factors of 1102.
2, 19, 29
List the prime factors of 5616.
2, 3, 13
What are the prime factors of 544?
2, 17
What are the prime factors of 1616?
2, 101
List the prime factors of 63578.
2, 83, 383
What are the prime factors of 22195?
5, 23, 193
What are the prime factors of 13570?
2, 5, 23, 59
What are the prime factors of 911?
911
List the prime factors of 60490.
2, 5, 23, 263
What are the prime factors of 139?
139
List the prime factors of 651.
3, 7, 31
List the prime factors of 1706.
2, 853
List the prime factors of 50956.
2, 12739
List the prime factors of 91091.
7, 11, 13
What are the prime factors of 6165?
3, 5, 137
List the prime factors of 2801.
2801
List the prime factors of 22464.
2, 3, 13
What are the prime factors of 5250?
2, 3, 5, 7
What are the prime factors of 174?
2, 3, 29
What are the prime factors of 25065?
3, 5, 557
What are the prime factors of 1171?
1171
What are the prime factors of 4002?
2, 3, 23, 29
List the prime factors of 19333.
19333
What are the prime factors of 66?
2, 3, 11
What are the prime factors of 3938?
2, 11, 179
What are the prime factors of 740?
2, 5, 37
What are the prime factors of 2084?
2, 521
What are the prime factors of 9051?
3, 7, 431
List the prime factors of 91156.
2, 13, 1753
List the prime factors of 30742.
2, 19, 809
What are the prime factors of 310?
2, 5, 31
List the prime factors of 6797.
7, 971
What are the prime factors of 1629?
3, 181
What are the prime factors of 58828?
2, 7, 11, 191
What are the prime factors of 3011?
3011
What are the prime factors of 15354?
2, 3, 853
List the prime factors of 6184.
2, 773
List the prime factors of 116335.
5, 53, 439
List the prime factors of 1707.
3, 569
What are the prime factors of 6456?
2, 3, 269
What are the prime factors of 31731?
3, 7, 1511
What are the prime factors of 79252?
2, 19813
What are the prime factors of 19111?
29, 659
List the prime factors of 42707.
7, 6101
List the prime factors of 7534.
2, 3767
List the prime factors of 9764.
2, 2441
List the prime factors of 8310.
2, 3, 5, 277
List the prime factors of 850.
2, 5, 17
What are the prime factors of 29696?
2, 29
What are the prime factors of 1336?
2, 167
List the prime factors of 630.
2, 3, 5, 7
What are the prime factors of 12097?
12097
List the prime factors of 145815.
3, 5, 9721
List the prime factors of 14884.
2, 61
What are the prime factors of 1633?
23, 71
List the prime factors of 153.
3, 17
List the prime factors of 1250.
2, 5
List the prime factors of 4630.
2, 5, 463
List the prime factors of 962.
2, 13, 37
List the prime factors of 41699.
7, 23, 37
List the prime factors of 1120.
2, 5, 7
What are the prime factors of 19649?
7, 401
What are the prime factors of 6091?
6091
What are the prime factors of 10559?
10559
List the prime factors of 7189.
7, 13, 79
What are the pri